{"id":1253,"date":"2020-12-13T02:49:50","date_gmt":"2020-12-13T01:49:50","guid":{"rendered":"http:\/\/www.schneider-prevention.fr\/?page_id=1253"},"modified":"2021-11-04T20:56:20","modified_gmt":"2021-11-04T19:56:20","slug":"formateur-incendie","status":"publish","type":"page","link":"https:\/\/www.schneider-prevention.fr\/index.php\/formateur-incendie\/","title":{"rendered":"Formateur Incendie"},"content":{"rendered":"<p>[et_pb_section fb_built=\u00a0\u00bb1&Prime; _builder_version=\u00a0\u00bb4.7.3&Prime; _module_preset=\u00a0\u00bbdefault\u00a0\u00bb global_colors_info=\u00a0\u00bb{}\u00a0\u00bb][et_pb_row column_structure=\u00a0\u00bb1_2,1_2&Prime; _builder_version=\u00a0\u00bb4.7.3&Prime; _module_preset=\u00a0\u00bbdefault\u00a0\u00bb global_colors_info=\u00a0\u00bb{}\u00a0\u00bb][et_pb_column type=\u00a0\u00bb1_2&Prime; _builder_version=\u00a0\u00bb4.7.3&Prime; _module_preset=\u00a0\u00bbdefault\u00a0\u00bb global_colors_info=\u00a0\u00bb{}\u00a0\u00bb][et_pb_image src=\u00a0\u00bbhttps:\/\/www.schneider-prevention.fr\/wp-content\/uploads\/2020\/12\/logo-formateur-incendie-1.png\u00a0\u00bb title_text=\u00a0\u00bblogo formateur incendie\u00a0\u00bb align=\u00a0\u00bbcenter\u00a0\u00bb _builder_version=\u00a0\u00bb4.7.3&Prime; _module_preset=\u00a0\u00bbdefault\u00a0\u00bb global_colors_info=\u00a0\u00bb{}\u00a0\u00bb][\/et_pb_image][\/et_pb_column][et_pb_column type=\u00a0\u00bb1_2&Prime; _builder_version=\u00a0\u00bb4.7.3&Prime; _module_preset=\u00a0\u00bbdefault\u00a0\u00bb global_colors_info=\u00a0\u00bb{}\u00a0\u00bb][et_pb_text _builder_version=\u00a0\u00bb4.7.3&Prime; _module_preset=\u00a0\u00bbdefault\u00a0\u00bb global_colors_info=\u00a0\u00bb{}\u00a0\u00bb]<\/p>\n<h1 style=\"text-align: center;\"><em><strong>Formateur Incendie et Evacuation<\/strong><\/em><\/h1>\n<p>[\/et_pb_text][et_pb_text _builder_version=\u00a0\u00bb4.7.3&Prime; _module_preset=\u00a0\u00bbdefault\u00a0\u00bb global_colors_info=\u00a0\u00bb{}\u00a0\u00bb]<\/p>\n<p><span style=\"color: #000000;\">Objectifs de la formation\u00a0:<\/span><\/p>\n<ul>\n<li><span style=\"color: #000000;\"><em>Conna\u00eetre les risques li\u00e9s \u00e0 l\u2019incendie et les bases de la pr\u00e9vention qui y sont associ\u00e9es. <\/em><\/span><\/li>\n<li><span style=\"color: #000000;\"><em>Animer, organiser et mettre en \u0153uvre une formation \u00e0 la manipulation des extincteurs \u00e0 l\u2019aide d\u2019un simulateur de flamme r\u00e9elle et virtuelle<\/em><\/span><\/li>\n<li><span style=\"color: #000000;\"><em>Animer, organiser et mettre en \u0153uvre une formation d\u2019\u00e9quipier de 1<sup>\u00e8re<\/sup> intervention<\/em><\/span><\/li>\n<li><span style=\"color: #000000;\"><em>Animer, organiser et mettre en \u0153uvre une formation de guide-file, serre-file et responsable d\u2019\u00e9vacuation.<\/em><\/span><\/li>\n<li><em><span style=\"color: #000000;\">Pr\u00e9parer et r\u00e9aliser un exercice d\u2019\u00e9vacuation dans un \u00e9tablissement<\/span> <\/em><\/li>\n<\/ul>\n<p>[\/et_pb_text][\/et_pb_column][\/et_pb_row][et_pb_row column_structure=\u00a0\u00bb1_3,1_3,1_3&Prime; _builder_version=\u00a0\u00bb4.7.3&Prime; _module_preset=\u00a0\u00bbdefault\u00a0\u00bb global_colors_info=\u00a0\u00bb{}\u00a0\u00bb][et_pb_column type=\u00a0\u00bb1_3&Prime; _builder_version=\u00a0\u00bb4.7.3&Prime; _module_preset=\u00a0\u00bbdefault\u00a0\u00bb global_colors_info=\u00a0\u00bb{}\u00a0\u00bb][et_pb_text _builder_version=\u00a0\u00bb4.7.3&Prime; _module_preset=\u00a0\u00bbdefault\u00a0\u00bb global_colors_info=\u00a0\u00bb{}\u00a0\u00bb]<\/p>\n<p><strong><span style=\"color: #000000;\">Programme de la formation\u00a0:<\/span><\/strong><\/p>\n<p><strong><span style=\"color: #000000;\"><\/span><\/strong><\/p>\n<ul>\n<li><span style=\"color: #000000;\"><em>Pr\u00e9sentation de la formation et de son organisation<\/em><\/span><\/li>\n<li><span style=\"color: #000000;\"><em>Connaissance sur les incendies<\/em><\/span><\/li>\n<li><span style=\"color: #000000;\"><em>Connaissance en pr\u00e9vention des incendies<\/em><\/span><\/li>\n<li><span style=\"color: #000000;\"><em>Les extincteurs<\/em><\/span><\/li>\n<li><span style=\"color: #000000;\"><em>Les moyens d\u2019\u00e9vacuation<\/em><\/span><\/li>\n<li><span style=\"color: #000000;\"><em>Equipier de 1<sup>\u00e8re<\/sup> intervention<\/em><\/span><\/li>\n<li><span style=\"color: #000000;\"><em>Bilan de la formation<\/em><\/span><\/li>\n<\/ul>\n<p>[\/et_pb_text][\/et_pb_column][et_pb_column type=\u00a0\u00bb1_3&Prime; _builder_version=\u00a0\u00bb4.7.3&Prime; _module_preset=\u00a0\u00bbdefault\u00a0\u00bb global_colors_info=\u00a0\u00bb{}\u00a0\u00bb][et_pb_text _builder_version=\u00a0\u00bb4.7.3&Prime; _module_preset=\u00a0\u00bbdefault\u00a0\u00bb global_colors_info=\u00a0\u00bb{}\u00a0\u00bb]<\/p>\n<p><strong><span style=\"color: #000000;\">M\u00e9thodes et moyens p\u00e9dagogiques\u00a0:<\/span><\/strong><\/p>\n<p><span style=\"color: #000000;\"><em>Formation dynamique comprenant des expos\u00e9s interactifs, du travail de groupe, des mises en situations.<\/em><\/span><\/p>\n<p><strong><span style=\"color: #000000;\"><em>\u00a0<\/em><\/span><\/strong><\/p>\n<p><strong><span style=\"color: #000000;\">Qualification du formateur\u00a0:<\/span><\/strong><\/p>\n<p><span style=\"color: #000000;\"><em>Formateur incendie et en pr\u00e9vention des risques professionnels<\/em><\/span><\/p>\n<p>[\/et_pb_text][\/et_pb_column][et_pb_column type=\u00a0\u00bb1_3&Prime; _builder_version=\u00a0\u00bb4.7.3&Prime; _module_preset=\u00a0\u00bbdefault\u00a0\u00bb global_colors_info=\u00a0\u00bb{}\u00a0\u00bb][et_pb_text _builder_version=\u00a0\u00bb4.10.5&Prime; _module_preset=\u00a0\u00bbdefault\u00a0\u00bb global_colors_info=\u00a0\u00bb{}\u00a0\u00bb]<\/p>\n<p><span style=\"color: #000000;\"><strong>Public\u00a0: <\/strong>Toute personne voulant devenir formateur incendie en entreprise ou en freelance<\/span><\/p>\n<p><span style=\"color: #000000;\"><strong>Pr\u00e9requis\u00a0: <\/strong>Aucun<\/span><\/p>\n<p><span style=\"color: #000000;\"><strong>Dur\u00e9e\u00a0: <\/strong>28 heures en pr\u00e9sentiel soit 4 journ\u00e9es<\/span><\/p>\n<p><span style=\"color: #000000;\"><strong>Effectif\u00a0: <\/strong>De 4 \u00e0 10 personnes par session<\/span><\/p>\n<p><span style=\"color: #000000;\"><strong>Validation\u00a0<\/strong><strong>: <\/strong>Evaluation continue<\/span><\/p>\n<p><span style=\"color: #000000;\">Remise d\u2019une attestation de formation.<\/span><\/p>\n<p><span style=\"color: #000000;\"><strong>Financement<\/strong>\u00a0:<\/span><\/p>\n<p><span style=\"color: #000000;\">OPCO, CPF, p\u00f4le emploi, direct<\/span><\/p>\n<p>[\/et_pb_text][\/et_pb_column][\/et_pb_row][et_pb_row _builder_version=\u00a0\u00bb4.10.5&Prime; _module_preset=\u00a0\u00bbdefault\u00a0\u00bb column_structure=\u00a0\u00bb1_2,1_2&Prime;][et_pb_column _builder_version=\u00a0\u00bb4.10.5&Prime; _module_preset=\u00a0\u00bbdefault\u00a0\u00bb type=\u00a0\u00bb1_2&Prime;][et_pb_circle_counter title=\u00a0\u00bb% de satisfaction\u00a0\u00bb number=\u00a0\u00bb95&Prime; bar_bg_color=\u00a0\u00bb#0C71C3&Prime; circle_color=\u00a0\u00bb#e02b20&Prime; _builder_version=\u00a0\u00bb4.10.5&Prime; title_text_color=\u00a0\u00bb#000000&Prime; background_color=\u00a0\u00bb#ffffff\u00a0\u00bb global_colors_info=\u00a0\u00bb{}\u00a0\u00bb][\/et_pb_circle_counter][\/et_pb_column][et_pb_column _builder_version=\u00a0\u00bb4.10.5&Prime; _module_preset=\u00a0\u00bbdefault\u00a0\u00bb type=\u00a0\u00bb1_2&Prime;][et_pb_circle_counter title=\u00a0\u00bbde r\u00e9ussite\u00a0\u00bb number=\u00a0\u00bb100&Prime; bar_bg_color=\u00a0\u00bb#e02b20&Prime; circle_color=\u00a0\u00bb#e02b20&Prime; _builder_version=\u00a0\u00bb4.4.8&Prime; title_text_color=\u00a0\u00bb#000000&Prime; background_color=\u00a0\u00bb#ffffff\u00a0\u00bb global_colors_info=\u00a0\u00bb{}\u00a0\u00bb][\/et_pb_circle_counter][\/et_pb_column][\/et_pb_row][\/et_pb_section]<\/p>\n","protected":false},"excerpt":{"rendered":"<p>Formateur Incendie et EvacuationObjectifs de la formation\u00a0: Conna\u00eetre les risques li\u00e9s \u00e0 l\u2019incendie et les bases de la pr\u00e9vention qui y sont associ\u00e9es. Animer, organiser et mettre en \u0153uvre une formation \u00e0 la manipulation des extincteurs \u00e0 l\u2019aide d\u2019un simulateur de flamme r\u00e9elle et virtuelle Animer, organiser et mettre en \u0153uvre une formation d\u2019\u00e9quipier de [&hellip;]<\/p>\n","protected":false},"author":2,"featured_media":0,"parent":0,"menu_order":0,"comment_status":"closed","ping_status":"closed","template":"","meta":{"_et_pb_use_builder":"on","_et_pb_old_content":"","_et_gb_content_width":"","footnotes":""},"class_list":["post-1253","page","type-page","status-publish","hentry"],"_links":{"self":[{"href":"https:\/\/www.schneider-prevention.fr\/index.php\/wp-json\/wp\/v2\/pages\/1253","targetHints":{"allow":["GET"]}}],"collection":[{"href":"https:\/\/www.schneider-prevention.fr\/index.php\/wp-json\/wp\/v2\/pages"}],"about":[{"href":"https:\/\/www.schneider-prevention.fr\/index.php\/wp-json\/wp\/v2\/types\/page"}],"author":[{"embeddable":true,"href":"https:\/\/www.schneider-prevention.fr\/index.php\/wp-json\/wp\/v2\/users\/2"}],"replies":[{"embeddable":true,"href":"https:\/\/www.schneider-prevention.fr\/index.php\/wp-json\/wp\/v2\/comments?post=1253"}],"version-history":[{"count":4,"href":"https:\/\/www.schneider-prevention.fr\/index.php\/wp-json\/wp\/v2\/pages\/1253\/revisions"}],"predecessor-version":[{"id":1676,"href":"https:\/\/www.schneider-prevention.fr\/index.php\/wp-json\/wp\/v2\/pages\/1253\/revisions\/1676"}],"wp:attachment":[{"href":"https:\/\/www.schneider-prevention.fr\/index.php\/wp-json\/wp\/v2\/media?parent=1253"}],"curies":[{"name":"wp","href":"https:\/\/api.w.org\/{rel}","templated":true}]}}